 - -42. Calculate m(u).
5
Suppose 7*n - 12 = 16. Let t(c) = c + 1. Let d(i) = 5*i. Let a(g) = -d(g) + 2*t(g). Give a(n).
-10
Let c(g) be the third derivative of g**4/24 - 5*g**3/6 - 48*g**2. What is c(-7)?
-12
Let h(a) = -a**2 - a + 4. Let f = -6 + 9. Suppose -2*n - f - 3 = 0. What is h(n)?
-2
Let m(v) = 7*v**3 - 14*v**2 + v + 2. Let u(r) = -r**3 + 5*r**2 + r - 5. Let l(n) = n**2 - 1. Let q(x) = 4*l(x) - u(x). Let a(g) = m(g) - 6*q(g). What is a(7)?
-4
Suppose -2 = -2*w + 4. Let a = w - 1. Let i(x) be the first derivative of 2*x**3/3 + x**2 - 2*x + 1621. What is i(a)?
10
Let a(b) be the first derivative of b**4/12 + 7*b**3/6 - 3*b**2/2 + 23*b - 6. Let y(g) be the first derivative of a(g). Calculate y(-7).
-3
Suppose 0 = 2*w - 14*w. Suppose r + 7*h - 2*h - 21 = 0, w = 4*r - 4*h + 12. Let g(b) = -28*b**2 + b. What is g(r)?
-27
Let v(n) = 3*n**3 - n**2 + 1. Let y = -19 + 23. Let q = -3 + y. Determine v(q).
3
Suppose 0 = w + 2*w - 12. Suppose -4*a + a - 2*n - 4 = 0, 8 = a - w*n. Let d(p) = a*p - p**3 + 4 - p - 5*p**2 - p. What is d(-4)?
-4
Let r(v) be the second derivative of v**4/24 + v**3/3 - 10*v**2 + 19*v. Let x(f) be the first derivative of r(f). Calculate x(5).
7
Let g(x) = x**2 - 6*x - 1. Let o(i) = -i**2 + 4. Let s be o(0). Let c(k) = k**3 - 5*k**2 + 6*k - 3. Let u be c(s). Let p be g(u). Let r(d) = -d - 2. Give r(p).
4
Suppose -c = -2*c + 3. Let a(p) = c*p - 8*p - p. Let w = 1254 + -1253. Calculate a(w).
-6
Let f(t) = -4*t + 62. Let b be -3 + (-1 - -7) - -18 - 4. Calculate f(b).
-6
Let c(s) = -4*s - 3. Suppose -1 = -3*g - 4. Let d be g/((-4)/(-12)*1). What is c(d)?
9
Let f(j) = -j**2 + j - 4. Let g(b) = -2*b**2 + b - 7. Suppose 0 = -6*i + 2*i. Let q be -5*(i + 2)/(-2). Let l(w) = q*f(w) - 3*g(w). Determine l(-1).
0
Let s(u) = -9 - u**3 + 0*u + 2*u - 6*u**2 + 0*u + 2*u**3. Suppose 4*h + 2 = 5*j - 6, 0 = -4*h - 4*j + 28. Suppose 5*y - 13 - 27 = -5*x, h*x - 16 = y. Give s(x).
3
Let j(r) = -6*r**2 + 8*r - r**3 - 49*r**2 - 1 + 49*r**2. What is j(-7)?
-8
Let y(h) be the first derivative of h**5/20 - 2*h**4/3 - h**3/6 - 7*h**2/2 - 6*h - 20. Let x(d) be the first derivative of y(d). Calculate x(8).
-15
Let j = 2 - 1. Let i(p) = 2 + 3*p + 7*p - 5*p - 4*p - 3. What is i(j)?
0
Let t(s) be the first derivative of -s**4/4 - 5*s**3/3 + s**2/2 + 10*s - 77. Give t(-5).
5
Let z(h) = 44*h**2 - h - 43*h**2 + 4*h - 3. Determine z(-3).
-3
Suppose 0 = 19*t - 4*t + 75. Let c(h) = 5*h - 4. Let g(j) = -14*j + 11. Let r(x) = -11*c(x) - 4*g(x). Determine r(t).
-5
Let o(q) = -3*q - 6*q + 4*q - 6 + 2*q. Let z(b) = -5*b - 94. Let x be z(-18). Determine o(x).
6
Let y(g) = 4*g - 29. Let x be y(9). Let f(j) be the first derivative of -j**4/4 + 2*j**3 + 5*j**2/2 + 7*j + 4. Determine f(x).
-7
Let r(b) be the second derivative of 5*b**3/3 - b**2 - 5*b - 10. What is r(-2)?
-22
Let k(j) = 2*j - 1. Let v be k(3). Suppose 11 = 4*t - v. Let i(g) be the first derivative of g**4/4 - 5*g**3/3 + g**2 + g + 52. Determine i(t).
-7
Let k(z) = -7*z - 24 + 75 - 30 - 18. Give k(-2).
17
Suppose -17 = 2*f - 5*f - 2*p, -p = -2*f + 16. Let v(h) = -2*h + 4. Let d be v(-3). Let z(j) = -j**2 - f*j - 14 + d - j + 9. Determine z(-8).
5
Let h(m) = 8*m**2 - m - 1. Let y be h(1). Let s(t) = 2*t + 11. Let b(w) be the first derivative of -w**2/2 - 6*w + 2. Let q(a) = -5*b(a) - 3*s(a). What is q(y)?
-9
Let m(n) = -n - 2. Let r = -81 - -125. Let c = -40 + r. Calculate m(c).
-6
Let g = -3 + 6. Suppose 0 = g*w - w. Let n(x) = -5 + 3 + w + x**2. Give n(-3).
7
Let h(u) = -u**3 + 3*u**2 - 3*u - 3. Let o(f) = 3*f - 32. Let w be o(12). Give h(w).
-31
Let i(t) = -6*t**2 + 3*t - 4. Let n(d) = -17*d**2 + 11*d - 14. Let h(s) = -7*i(s) + 2*n(s). Calculate h(-1).
7
Suppose 24 = -n - 2*o - 2*o, 0 = -2*o - 8. Let v(t) = -4 - t - 9 + 0*t - 5 + 15. Determine v(n).
5
Let u(k) be the third derivative of -k**4/12 - 2*k**3/3 - 740*k**2. Calculate u(3).
-10
Let x be (-1)/(-1 - -2)*48/(-12). Let p(f) be the third derivative of 1/120*f**6 - 1/8*f**x + 0*f**5 + 0*f - f**2 - 1/6*f**3 + 0. Calculate p(-2).
-3
Let w(v) = -v**3 - 3*v**2 + v + 1. Suppose 5*q = -5*k + 5, -21*q = 5*k - 25*q + 31. Determine w(k).
-2
Let l(v) = -v**2 - 2*v - 1. Let h(o) be the third derivative of -5*o**4/24 + 3*o**3/2 + 9*o**2. Let i be h(2). Calculate l(i).
0
Let p(q) = 2*q - 4*q**2 + 2*q**2 + 2*q**2 + 3*q**2 + 1. Determine p(-1).
2
Let u(g) = -2*g + 6. Let m be 3 + (0/(-4))/(-4) - -1. Suppose d + 21 = 4*y, 2*d + 26 = m*y - 0*d. What is u(y)?
-2
Let u(r) be the second derivative of -r**6/120 + r**5/20 - 2*r**3/3 + 4*r**2 - 9*r. Let b(h) be the first derivative of u(h). Calculate b(3).
-4
Let x(o) = 2*o + 7. Let h be (82 + -10)/(-1 + (1 - -1)). Suppose 11*m + h = 23*m. Determine x(m).
19
Let o(w) = w**3 + 7*w**2 - 8*w - 8. Suppose 0 = -a - 4*z - 12, -4*a - z = 3*z + 36. What is o(a)?
-8
Let w(h) = -3*h**2 + 6*h - 17. Let z(t) = -t**2 - t - 1. Let c(i) = w(i) - 4*z(i). Calculate c(-13).
26
Suppose 0 = 4*q + 55 - 71. Let x = -1 - -1. Let j = q - x. Let k(u) = -u**2 + 7*u - 6. What is k(j)?
6
Let g(i) = -5*i + 40. Suppose 59*x = 90*x - 248. What is g(x)?
0
Suppose -5 = 3*z + 4*a + 15, -z - 10 = 2*a. Let m(j) = 11*j**2 + 2. Let y(p) = 13*p**2 + 2. Let o(s) = -6*m(s) + 5*y(s). Give o(z).
-2
Let q(b) = -2*b**2 + 7*b + 7. Suppose 0 + 23 = 3*y + 4*k, -y = k - 7. What is q(y)?
-8
Suppose 0 = -m + 2*p + 8, 4*m - 12 = 183*p - 180*p. Let f = 3 + 2. Let n(h) = -2 + 3*h - f*h + m*h + 4*h + 4*h**2. Determine n(-2).
10
Let t(p) = -p + 20. Let a be t(9). Suppose -3*j + 3 - a = 2*w, 5*w - 3*j = -20. Let r(h) = h**3 + 4*h**2 - 1. Give r(w).
-1
Let z(o) = 2*o**2 + 14*o + 1. Let l(j) = -j**3 - 26*j**2 - 67*j + 39. Let q be l(-23). Give z(q).
1
Let r(o) = -o**3 + 7*o**2 + 18*o. Let n(d) = -2*d**2 + 37*d - 71. Let i be n(16). What is r(i)?
0
Let x(w) = -26*w - w**2 + 2*w**2 - 5 - 6*w + 22*w. What is x(10)?
-5
Suppose 19 + 11 = -6*x. Let g(m) = m**3 + 5*m**2 + 5*m + 3. Determine g(x).
-22
Let j(o) = o**3 + 7*o**2 + 5*o + 3. Let b = -635 - -629. Determine j(b).
9
Let x(o) = 47*o - 19. Let d(b) = 125*b - 58. Let v(l) = 3*d(l) - 8*x(l). Determine v(-15).
-7
Let k(n) = -n + 2 - 3 - 4 + 6. Give k(3).
-2
Let r(u) be the first derivative of -u**4/4 - 5*u**3/3 - 5*u**2/2 + u - 26. Give r(-3).
-2
Let r(p) = 4*p - 25. Let t be r(9). Let k(u) = t + 0*u**3 - 5*u**3 + 2*u**2 - 2*u - 10 - u**3. Determine k(1).
-5
Let t be (-31 - 4)*14/(-35). Let z(f) = -f**3 + 15*f**2 - 12*f - 3. Give z(t).
25
Let h(i) = -13*i + 414 + 412 - 826. Give h(2).
-26
Let l(d) = 4*d**2 - 151*d + 198. Let s(o) = 2*o**2 - 76*o + 94. Let y(t) = -2*l(t) + 5*s(t). What is y(38)?
-2
Let b(p) be the third derivative of 3*p**2 + 1/24*p**4 + 0*p - 1/2*p**3 + 0. Calculate b(3).
0
Let y(h) = -h**2 + 7*h + 6. Suppose 7*d + 20 = 3*d. Let n(m) = -m**2 - 5*m + 12. Let t be n(d). Let o = 18 - t. Give y(o).
12
Let b(r) = r**2 - 2*r - 3. Let t be (-14)/(-4)*64/32. Determine b(t).
32
Let p(y) = y**3 + 6*y**2 - 2*y + 6. Suppose 97 = 3*a - s + 119, -4*a + 3*s - 31 = 0. Give p(a).
-29
Let n(g) = 7*g**3 - 13*g**2 + 5*g. Let c(l) = 4*l**3 - 7*l**2 + 3*l. Let m(a) = 5*c(a) - 3*n(a). Calculate m(4).
0
Let q(n) = n**2 - n + 4. Let i be 1 - (-5 + (-3 - -4)). Suppose i*a + 14 = -1. Let u(d) = d**3 + 3*d**2 - 2*d - 3. Let k be u(a). What is q(k)?
10
Let v(n) = -9*n**2 - n. Let q(b) = b**3 + 3*b**2 - 27*b - 93. Let c be q(-4). What is v(c)?
-8
Let o = 24 - 18. Let x(m) = -5*m**3 + 3*m**2 + 6*m + 4. Let p(q) = 9*q**3 - 6*q**2 - 11*q - 7. Let h(s) = o*p(s) + 11*x(s). Let v = -17 + 14. Give h(v).
2
Let b(x) = -x**3 + x + 1. Let q = 54 - 32. Suppose 5*f = 13 + q. Suppose -5*i = 2*i + f. Give b(i).
1
Let f = -15 - -19. Let a(d) = f*d - 5*d + 2*d - 6*d. Let b be (-6)/8 - (-4)/(-16). Determine a(b).
5
Let m(t) = 2*t**3 + 3*t**2 - 2*t + 3. Suppose 6*f = 16 - 4. Let r = f - -14. Let b = 13 - r. Calculate m(b).
-18
Let v(r) = -19*r - 22. Let p(q) = 7*q + 7. Let z(c) = 8*p(c) + 3*v(c). Let w = 9 - 15. Give z(w).
-4
Let c be 4/3 + (10/3)/5. Suppose -5*a = -3*o + 2, -4*a + 4*o - c = 6. Let i(p) = p**2 - 2*p - 1. Calculate i(a).
-1
Let c(r) = -r**2 + 10*r + 4. Let j be 2/(6/(-28) + 2/(-7)). Give c(j).
-52
Let w = -1646 + 1658. Let x(f) = f**2 - 15*f + 15. Give x(w).
-21
Let p(d) = -d - 4. Let m be 322/(-276)*(-10 + 4). Give p(m).
-11
Let b be ((7 - 7) + (